ommon factor of 3498 and 125145402?
318
Calculate the greatest common divisor of 4602508 and 12524.
124
Calculate the greatest common divisor of 198 and 254902.
2
Calculate the greatest common factor of 24760765 and 437.
23
What is the highest common divisor of 2060531 and 1903?
11
What is the highest common divisor of 417126 and 288116?
38
What is the greatest common divisor of 1742447034 and 36?
18
What is the greatest common divisor of 162012525 and 1558?
779
What is the highest common divisor of 237425316 and 192?
12
Calculate the greatest common divisor of 1860 and 273187500.
1860
Calculate the highest common factor of 375741048 and 12888.
4296
Calculate the greatest common factor of 4 and 1731908472.
4
What is the highest common factor of 280 and 58189880?
280
What is the greatest common factor of 1305 and 72477?
9
What is the greatest common divisor of 510 and 890930?
10
What is the greatest common divisor of 316448 and 73656?
2728
Calculate the highest common factor of 184 and 940088.
8
Calculate the greatest common divisor of 25286 and 10075484.
94
Calculate the highest common factor of 53384903 and 1144.
143
What is the highest common factor of 648848 and 730333?
379
What is the greatest common factor of 19323 and 25011?
9
What is the highest common divisor of 17890 and 41570?
10
Calculate the highest common factor of 6454046 and 868906.
958
Calculate the greatest common factor of 6264 and 31044.
12
What is the greatest common divisor of 1763 and 43022317?
43
What is the highest common factor of 77976 and 6400?
8
Calculate the greatest common factor of 10070898 and 213726.
1074
Calculate the greatest common divisor of 2090697 and 15225.
609
What is the greatest common factor of 26681240 and 13018?
566
Calculate the highest common divisor of 326 and 18024703.
163
What is the highest common divisor of 10544 and 1475352?
8
What is the highest common factor of 1018229670 and 708?
354
What is the greatest common divisor of 45036 and 280780?
556
What is the highest common factor of 78 and 171510?
6
Calculate the highest common divisor of 3660 and 50980.
20
What is the greatest common factor of 309560 and 9608?
8
Calculate the highest common divisor of 2622 and 2788934.
874
What is the highest common factor of 9050 and 17450?
50
Calculate the highest common divisor of 4553195 and 1081115.
1955
Calculate the highest common factor of 126527 and 20155.
29
What is the greatest common divisor of 420 and 14074380?
60
What is the highest common factor of 400290 and 33310?
10
Calculate the highest common divisor of 1570 and 313357085.
785
Calculate the highest common factor of 7240 and 3690952.
1448
What is the greatest common divisor of 44525 and 241120?
685
What is the greatest common divisor of 86598 and 310284?
306
Calculate the highest common divisor of 6286028 and 112.
28
Calculate the highest common factor of 70 and 2804942.
14
What is the greatest common factor of 345334 and 368166?
2854
Calculate the highest common factor of 182 and 4411756.
2
Calculate the greatest common factor of 26385659 and 26696.
3337
What is the greatest common divisor of 1367478 and 31374?
126
What is the highest common factor of 1297170 and 45?
45
What is the highest common divisor of 7319 and 1013630267?
7319
What is the highest common factor of 18218958 and 5028?
2514
Calculate the greatest common factor of 16616430 and 80.
10
Calculate the highest common factor of 6099272 and 24.
8
What is the highest common factor of 30 and 39241194?
6
What is the greatest common divisor of 28 and 36673084?
28
What is the highest common factor of 1531875 and 515?
5
Calculate the greatest common divisor of 6375285 and 1094.
547
What is the greatest common divisor of 248 and 14570?
62
What is the greatest common factor of 88 and 4141192?
88
What is the highest common divisor of 20087290 and 10?
10
What is the greatest common divisor of 6596 and 427907?
17
What is the highest common factor of 2364540 and 568?
4
What is the highest common divisor of 801 and 32462127?
801
Calculate the highest common factor of 4647 and 21253829.
1549
Calculate the highest common divisor of 178101 and 187803.
693
What is the highest common divisor of 90234 and 276939?
81
Calculate the greatest common divisor of 12 and 79084122.
6
Calculate the highest common factor of 7204 and 1853229.
1801
Calculate the greatest common divisor of 85842 and 66006.
342
Calculate the greatest common factor of 798567 and 5313.
231
Calculate the highest common divisor of 286 and 800283198.
286
Calculate the highest common divisor of 1303996169 and 17.
17
What is the highest common divisor of 6699310 and 20?
10
What is the greatest common divisor of 28812004 and 1300?
52
Calculate the highest common factor of 12061 and 312949.
7
What is the highest common divisor of 47006362 and 177?
59
What is the greatest common factor of 403 and 332453021?
31
Calculate the greatest common divisor of 45 and 2379204.
9
What is the greatest common divisor of 93684510 and 2610?
90
Calculate the highest common factor of 63019 and 352.
11
What is the highest common divisor of 11984788 and 236?
236
Calculate the greatest common factor of 6409632 and 4833.
537
Calculate the highest common factor of 11105500 and 406.
14
Calculate the highest common factor of 113595 and 330.
15
What is the greatest common divisor of 167328 and 20076?
84
What is the highest common divisor of 3259583158 and 2782?
2782
Calculate the highest common divisor of 99890726 and 14772.
2462
Calculate the greatest common factor of 2039138040 and 80.
40
Calculate the highest common factor of 3856589 and 32747.
2519
What is the greatest common divisor of 160 and 17140940?
20
Calculate the highest common factor of 8396278 and 1738.
1738
Calculate the highest common divisor of 8814960 and 3360.
1680
What is the greatest common divisor of 3129 and 5207699?
1043
What is the greatest common factor of 2400 and 20015400?
600
What is the highest common factor of 26235 and 2463705?
2385
What is the highest common factor of 473 and 1699?
1
Calculate the highest common factor of 4606820 and 500.
20
What is the highest common factor of 265258 and 6461?
7
What is the highest common divisor of 986225326 and 88333?
12619
Calculate the greatest common divisor of 5423 and 2666624675.
5423
Calculate the highest common factor of 104228326 and 34.
34
What is the highest common divisor of 618765 and 225?
15
What is the greatest common divisor of 37248569 and 3496?
437
What is the highest common factor of 702795 and 25?
5
Calculate the greatest common factor of 3115215 and 46620.
1665
Calculate the highest common factor of 833471058 and 42.
42
Calculate the highest common factor of 9434 and 22843.
53
Calculate the greatest common factor of 144 and 165552.
48
What is the highest common factor of 10016 and 5065592?
2504
What is the highest common divisor of 56401833 and 5931?
1977
Calculate the greatest common divisor of 3556 and 23171912.
508
Calculate the highest common factor of 43430260 and 1587380.
11420
Calculate the greatest common factor of 5380081 and 35.
7
What is the greatest common divisor of 4254892 and 1285?
257
Calculate the highest common factor of 3835999 and 136.
17
What is the highest common divisor of 7118930 and 1365?
455
Calculate the greatest common factor of 619 and 3064405306.
619
What is the greatest common factor of 7040 and 585145?
55
What is the greatest common divisor of 2637310 and 130?
130
What is the greatest common factor of 9220 and 185905165?
2305
What is the greatest common divisor of 7960 and 233741420?
3980
What is the greatest common factor of 525236 and 121600?
76
Calculate the highest common factor of 644337 and 99.
9
What is the greatest common factor of 11 and 465649910?
11
Calculate the highest common factor of 876009126 and 542.
542
Calculate the greatest common divisor of 514916753 and 481.
481
Calculate the highest common divisor of 85557 and 10830.
1083
Calculate the highest common divisor of 23 and 9939841.
23
Calculate the highest common factor of 5886 and 427896.
54
What is the highest common factor of 363717 and 8790891?
2127
What is the highest common divisor of 6150 and 10292025?
3075
Calculate the highest common factor of 1134 and 2011744